e?
True
Suppose -2*r - 1 - 5 = 0, 3*r = -f - 13. Is f/8*2 + 1 + 127 a composite number?
False
Let n = -10 - -14. Suppose n*y - 54 = 470. Is y prime?
True
Let t be (2 - -4) + -3 + -2. Let s = t - -2. Suppose -s*v - 792 + 4569 = 0. Is v prime?
True
Suppose 215522 = 3*x + 57101. Is x prime?
True
Suppose 24*i = 4*i + 55180. Is i a prime number?
False
Let b(y) = -12*y**2 - 1 + 2*y + 12*y**2 + 372*y**3. Let d be b(1). Suppose 0 = -c - n + 188, 2*c - d = -0*c + n. Is c a composite number?
True
Let w(m) = m**3 + 2*m**2 - 3*m - 3. Let v be w(-2). Suppose -4*j + 277 = d, 0 = v*j - d - 41 - 172. Let s = 123 - j. Is s composite?
False
Let j = -376 + 556. Suppose b - 22 = j. Suppose 3*x = 335 + b. Is x composite?
False
Is -1 + (-10)/(-5) - (-4 + -22608) a prime number?
True
Suppose 191037 - 22611 = 18*g. Is g a composite number?
True
Let g = 0 + 1. Let x(p) be the third derivative of 59*p**6/60 + p**5/30 - p**3/6 - 6*p**2. Is x(g) prime?
False
Suppose -9*w + 519 = -354. Is w prime?
True
Let p(m) = -6*m + 44*m**2 + 15 - 15*m**2 - 25*m**2. Is p(-7) a composite number?
True
Suppose 15459 = 4*g - 5605. Suppose -5*f + g = -1029. Is f a composite number?
False
Let g(s) be the second derivative of 0 - 1/2*s**2 + 19/3*s**4 + 7/6*s**3 + 10*s. Is g(2) composite?
False
Let l be 4 + -1*(-24)/4. Suppose -l*s - 9108 = -14*s. Let b = s - 1208. Is b composite?
False
Suppose -5*h + 47 = 2*d, 4*d = h + 23 + 82. Let s be 6/9 + (-525)/(-9). Let q = s - d. Is q prime?
False
Let t = -1 - -5. Suppose 348 = t*q - 0*q. Suppose -23 - q = -2*v. Is v a composite number?
True
Suppose 0 = 2*q - 13755 - 2315. Is q a prime number?
False
Let g = -2765 - -1968. Let r = g + 1144. Is r a prime number?
True
Let t(w) be the second derivative of 5*w**4/12 + 5*w**3/6 - 7*w**2/2 - 7*w. Is t(-7) a prime number?
False
Let o(g) = 4*g**3 - 5*g**2 + 36*g - 20. Let s(x) = -x**3 + x**2 - 7*x + 4. Suppose -4*z - 35 = 9. Let c(d) = z*s(d) - 2*o(d). Is c(3) a prime number?
True
Let c be (4/(-8))/((-1)/4). Suppose -7*l = -c*l - 185. Is l prime?
True
Let q = 5 - 3. Suppose 4*f + 2*s + 3*s = 549, -q*s - 252 = -2*f. Is f a composite number?
False
Let m = -570 - -1193. Is m prime?
False
Suppose p + 735 = l, -2*p + 0*p - 733 = -l. Suppose -2*q + 0*q - 5*s = -l, -4*q = -5*s - 1549. Is q a composite number?
True
Let w(k) be the third derivative of 23*k**5/12 - k**4/24 - 11*k**3/6 + 3*k**2. Is w(-3) a prime number?
False
Suppose -2*m + 4*c - 6 = 2, 0 = -4*m + 4*c. Suppose -1987 = -m*r + 1081. Is r a composite number?
True
Is 25145/25 + (-2)/(-10) a composite number?
True
Suppose 0 = 5*q + 1083 + 612. Is (4/3)/((-2)/q) a composite number?
True
Let x(y) = 3*y**2 + 3*y + 1. Let u be x(-3). Suppose -4*p - 19 = -h, 0 = -2*p + 3*p - 5*h + u. Let b(t) = 2*t**2 - 3*t + 5. Is b(p) a composite number?
True
Suppose -5*p - 950 = -5*h, 0 = 5*h - p - 2*p - 940. Suppose 4*q - 2989 = -h. Is q prime?
True
Let s(t) = t**3 - 8*t**2 + 14*t - 10. Let j be s(6). Suppose 51 = j*a - 2*k - 15, 3*a = -2*k + 119. Is a a composite number?
False
Let q(i) = -152*i - 97. Is q(-9) composite?
True
Let m be (7 - 7)*2/2. Suppose c - 5*c + 868 = m. Let x = c + -96. Is x prime?
False
Let o(n) = 1764*n - 10. Let g = 25 - 24. Is o(g) a prime number?
False
Suppose -15081 = -6*o - 27*o. Is o composite?
False
Let w(a) = -a. Let q(k) = 8*k**2 + 5*k - 1. Let h(l) = q(l) + 2*w(l). Is h(16) prime?
False
Let r(d) = d**2 - d + 82. Let g be r(0). Suppose 0 = i - 139 - g. Let a = i - 110. Is a composite?
True
Let a be (1 + -3)/(5 + -3). Let z be 2 - -3 - (a + 4). Is 127*14/4*z composite?
True
Let j be 81/(-18)*8/2. Let n be 4/10 - j/5. Let t(i) = 5*i**2 - 1. Is t(n) a composite number?
False
Let i(x) = 89*x**2 - 4*x + 10. Is i(3) a composite number?
True
Suppose 5*f - 13*g = -9*g + 18591, -g = -f + 3718. Is f a composite number?
False
Suppose -6 = 3*c - 18. Suppose 0 = -4*j - k + 3186, c*k - 2 = -10. Is j composite?
False
Suppose -2*l = z - 8, 2*l - 6*l = -2*z + 8. Suppose -19 = z*t - 1. Is 3 - ((-1652)/4 + t) a prime number?
True
Suppose -358 = 5*m - 18. Is (-107)/((-3)/(-12) - m/(-208)) prime?
False
Let a(v) = -v**3 - 9*v**2 - 12*v - 28. Let t be a(-8). Suppose 13760 = t*w + 1452. Is w prime?
False
Let m(w) = -2*w + 13. Let g be m(0). Suppose g = -3*k + 4. Is -1*(-40*5 + k) composite?
True
Suppose 13*x = 8*x - 85. Let j = x + 48. Is j a prime number?
True
Let y(w) be the third derivative of -w**6/40 + w**5/30 - w**4/6 + w**3/3 + 5*w**2. Is y(-5) composite?
True
Suppose -2*w + 4 = 2*m, 3*w - m = 3*m + 6. Suppose w*s - 90 = -s + k, 2*s - 3*k = 53. Is s a prime number?
True
Suppose 1380952 = 8*i + 176016. Is i composite?
False
Suppose 3*o + o - 10079 = -3*q, 3*q - o - 10054 = 0. Is q a composite number?
True
Suppose -2*c - 40 + 6 = 4*n, 25 = -5*n. Let s(r) = r**3 + 7*r**2 + 3. Let f be s(c). Suppose u - f*w - 272 = -u, 3*w - 145 = -u. Is u a composite number?
False
Let c(j) be the first derivative of 66*j**2 + 13*j - 31. Is c(4) prime?
True
Let u = -2645 + 5254. Is u composite?
False
Suppose -2*z + m = -85 - 159, 4*m = 2*z - 232. Suppose 4*u + 121 = -107. Let h = u + z. Is h a composite number?
False
Suppose 7567 = 3*r - 5*w - 7371, -2*r + 9947 = -w. Is r prime?
False
Suppose 235 = -4*q - q. Let z = -13 - q. Is z composite?
True
Let m(q) = 204*q**2 + q - 2. Let j be m(4). Let x = j - 1893. Is x a composite number?
False
Let c(r) = 302*r**2 + 2*r + 79. Is c(9) a prime number?
False
Let m(a) = a + 1. Let w(u) = 124*u**2 - 4*u + 2. Let g(i) = 2*m(i) + w(i). Is g(3) prime?
False
Let r = -38 - -35. Let n be ((-12)/(-2))/(0 - r). Suppose n*m = -3*m + 275. Is m prime?
False
Is 13*213 + (-10)/(-60)*12 a composite number?
True
Suppose q - 32 = 4*j, -2*j + 0*j - 3*q - 30 = 0. Let s = 0 - j. Is s a composite number?
True
Let h be -9 + 1 + -12 + 15. Is (3/(-6))/(3*h/3810) composite?
False
Let k = 4 - 9. Let u(d) = 87*d**2 - 7*d - 31. Is u(k) a prime number?
True
Suppose -17*w + 390914 = 104141. Is w composite?
True
Let t = -19073 + 26784. Is t a composite number?
True
Suppose 26*a - 27*a = 88. Let s = 286 + -453. Let o = a - s. Is o composite?
False
Suppose -24*c + 7*c + 196333 = 0. Is c a composite number?
False
Suppose 192 + 324 = 4*d. Is d a composite number?
True
Let s(c) = 14*c - 3*c**2 + 2*c**2 + 19 + 14*c**2 - c**3. Suppose b = -5*a + 4 + 25, 3*b + 5*a - 57 = 0. Is s(b) a composite number?
False
Suppose 7 = y + 4*q - q, 3*q - 19 = -4*y. Suppose -5*w = x - 4*x - 328, -199 = -3*w + y*x. Is w a prime number?
False
Let q(w) = -640*w - 3 - 8 - 1 + 5. Let k be q(-2). Suppose -2*r + r + k = 0. Is r composite?
True
Let p be 36/(-16)*3*4. Let j = 29 + p. Suppose -j*u + 7*u - 1855 = 0. Is u a composite number?
True
Let u(r) be the third derivative of 133*r**4/24 - r**3/2 - 9*r**2. Is u(4) a prime number?
False
Let x(k) = 59*k**2 + 59*k - 121. Is x(-21) prime?
True
Let c(q) = 2*q**2 - 7*q + 9. Let r be c(6). Is 5115/r - 12/78 composite?
False
Let j = -87 - -80. Let z(x) = -x**3 + 3*x**2 + 14*x + 19. Let i(o) = -o**3 + 4*o**2 + 13*o + 18. Let r(h) = 4*i(h) - 3*z(h). Is r(j) prime?
True
Is ((-107096)/132)/(4/(-6)) - 4 a composite number?
False
Let n(w) = -5*w**2 + 13*w + 57. Let i(y) = -2*y**2 + 4*y + 19. Let p(d) = -7*i(d) + 2*n(d). Is p(13) prime?
True
Let i = 350 + 171. Is i a composite number?
False
Suppose -10368 + 3383 = -5*l. Is l composite?
True
Let h(t) = -2*t - 22. Let c be h(-9). Is ((-18)/(-4) - (-2)/c) + 663 a prime number?
False
Let q(i) = -i**3 + 11*i**2 + 15*i - 14. Let m be q(12). Is (-569)/(-8) + m/(-176) a prime number?
True
Let r = -39 - -49. Is 6724/r + (-6)/(-10) composite?
False
Let n be (-24)/(-16) - (-4862)/4. Let p = -296 + n. Is p a composite number?
True
Let w be -1*(1 + -4) - 3. Let n(c) = -c**3 - c**2 + 3. Let v be n(w). Is 164 - ((1 - v) + 3) a prime number?
True
Let l(d) = -127*d + 1. Let u be l(-1). Let s be 16/56 + u/(-7). Is -1 + 1 + -3 - s a prime number?
False
Let n(m) = -m**3 + 5*m**2 - 2*m - 5. Suppose -33*c = -31*c - 8. Let v be n(c). Suppose 5*r + 3290 = 2*b + 3*b, -v*b - 5*r = -1950. Is b a composite number?
True
Let n = 1315 - -3724. Is n a prime number?
True
Let s(q) = -q**2 - q + 1. Let n(r) = 63*r**2 - 4*r + 3. Let j(b) = 127*b**2 - 9*b + 7. Let z(x) = -4*j(x) + 9*n(x). Let t(d) = 4*s(d) + z(d). Is t(2) prime?
False
Let r be (-2)/(-